e highest common factor of 1422 and 9?
9
What is the highest common divisor of 4582 and 58?
58
What is the greatest common factor of 183 and 671?
61
Calculate the greatest common divisor of 35760 and 15.
15
What is the greatest common divisor of 413 and 1298?
59
What is the highest common factor of 32 and 16?
16
What is the greatest common divisor of 20 and 4870?
10
What is the greatest common factor of 77 and 301?
7
Calculate the greatest common factor of 649 and 1475.
59
What is the highest common factor of 1610 and 575?
115
What is the highest common divisor of 55 and 209?
11
Calculate the greatest common factor of 7938 and 81.
81
Calculate the greatest common divisor of 3420 and 75.
15
Calculate the greatest common factor of 4275 and 100.
25
Calculate the highest common divisor of 1958 and 176.
22
Calculate the greatest common factor of 252 and 117.
9
What is the highest common factor of 792 and 1089?
99
Calculate the greatest common divisor of 4 and 412.
4
Calculate the highest common factor of 260 and 730.
10
Calculate the highest common divisor of 519 and 3.
3
What is the highest common factor of 9 and 27?
9
What is the highest common divisor of 4360 and 20?
20
Calculate the greatest common divisor of 91 and 56.
7
What is the greatest common factor of 6 and 60774?
6
What is the highest common divisor of 195 and 60?
15
What is the greatest common divisor of 3190 and 770?
110
Calculate the greatest common factor of 675 and 450.
225
What is the highest common factor of 460 and 20?
20
Calculate the greatest common divisor of 234 and 416.
26
What is the greatest common divisor of 56 and 104?
8
Calculate the highest common divisor of 129 and 989.
43
What is the greatest common factor of 40 and 24?
8
Calculate the greatest common factor of 238 and 18207.
119
What is the highest common factor of 1936 and 16?
16
Calculate the highest common factor of 7 and 6139.
7
What is the greatest common divisor of 1339 and 13?
13
Calculate the greatest common factor of 19 and 8.
1
Calculate the highest common divisor of 82 and 8282.
82
What is the greatest common divisor of 192 and 7200?
96
Calculate the greatest common factor of 6 and 232.
2
Calculate the greatest common factor of 44 and 11.
11
What is the greatest common factor of 16 and 344?
8
Calculate the greatest common divisor of 12 and 21.
3
What is the greatest common divisor of 272 and 160?
16
Calculate the highest common factor of 30 and 7430.
10
What is the greatest common factor of 4489 and 2?
1
What is the greatest common factor of 40 and 1395?
5
What is the greatest common factor of 3063 and 3?
3
What is the highest common factor of 378 and 16?
2
Calculate the highest common divisor of 336 and 3216.
48
What is the greatest common divisor of 180 and 84?
12
What is the highest common factor of 296 and 8?
8
Calculate the highest common factor of 204 and 357.
51
What is the greatest common factor of 66 and 2112?
66
Calculate the highest common factor of 535 and 10.
5
Calculate the highest common factor of 266 and 1918.
14
Calculate the highest common factor of 161 and 69.
23
Calculate the highest common divisor of 1498 and 14.
14
What is the greatest common divisor of 10 and 835?
5
Calculate the highest common factor of 335 and 113565.
335
What is the greatest common factor of 114 and 3686?
38
What is the highest common divisor of 49 and 4165?
49
Calculate the highest common factor of 9 and 558.
9
What is the highest common divisor of 56 and 376?
8
Calculate the greatest common divisor of 2204 and 580.
116
What is the greatest common divisor of 32 and 40?
8
Calculate the greatest common divisor of 66 and 20746.
22
Calculate the highest common divisor of 1458 and 54.
54
Calculate the highest common divisor of 95 and 551.
19
Calculate the highest common factor of 744 and 256.
8
What is the greatest common divisor of 539 and 231?
77
Calculate the highest common factor of 42 and 30.
6
Calculate the highest common factor of 217 and 4991.
217
What is the highest common factor of 5 and 117?
1
Calculate the highest common divisor of 176 and 16.
16
What is the greatest common divisor of 432 and 27?
27
What is the greatest common factor of 66 and 2838?
66
Calculate the highest common factor of 378 and 108.
54
Calculate the greatest common factor of 570 and 494.
38
Calculate the greatest common divisor of 35 and 36785.
35
What is the highest common divisor of 592 and 176?
16
Calculate the highest common factor of 20 and 10.
10
What is the highest common factor of 70 and 490?
70
Calculate the greatest common divisor of 75 and 14745.
15
Calculate the highest common factor of 320 and 385.
5
What is the greatest common factor of 310 and 90?
10
What is the highest common divisor of 137781 and 189?
189
Calculate the greatest common divisor of 210 and 255.
15
Calculate the highest common factor of 1333 and 43.
43
What is the highest common divisor of 58 and 19546?
58
Calculate the highest common factor of 2755 and 1160.
145
What is the highest common divisor of 22 and 286?
22
What is the highest common factor of 219 and 14016?
219
Calculate the greatest common factor of 1386 and 3276.
126
Calculate the greatest common factor of 66 and 12.
6
What is the greatest common factor of 12 and 124?
4
What is the highest common factor of 20 and 1040?
20
Calculate the highest common factor of 152 and 95.
19
Calculate the greatest common divisor of 512 and 48.
16
Calculate the greatest common divisor of 11 and 528.
11
Calculate the highest common divisor of 288 and 5256.
72
What is the greatest common divisor of 24 and 228?
12
Calculate the greatest common factor of 40 and 320.
40
What is the highest common divisor of 273 and 84?
21
What is the greatest common divisor of 781 and 44?
11
Calculate the highest common factor of 24 and 408.
24
What is the highest common divisor of 880 and 55?
55
What is the greatest common factor of 288 and 279?
9
What is the highest common divisor of 3878 and 7?
7
Calculate the greatest common divisor of 99 and 18.
9
What is the highest common divisor of 12 and 9276?
12
Calculate the highest common divisor of 74 and 555.
37
What is the greatest common factor of 333 and 9?
9
Calculate the greatest common factor of 235 and 3243.
47
Calculate the highest common divisor of 912 and 133.
19
What is the highest common divisor of 4968 and 1380?
276
Calculate the highest common divisor of 63 and 1078.
7
Calculate the greatest common factor of 17907 and 3.
3
Calculate the greatest common factor of 3674 and 154.
22
What is the highest common divisor of 650 and 950?
50
Calculate the highest common divisor of 117 and 39.
39
Calculate the greatest common divisor of 138 and 18.
6
Calculate the highest common factor of 371 and 265.
53
Calculate the highest common factor of 110 and 170.
10
Calculate the highest common factor of 21 and 6720.
21
Calculate the greatest common factor of 4223 and 1394.
41
What is the greatest common factor of 87 and 116?
29
What is the greatest common factor of 1722 and 84?
42
Calculate the highest common divisor of 168 and 2328.
24
What is the highest common factor of 15708 and 24?
12
Calculate the highest common factor of 98 and 17738.
98
What is the greatest common divisor of 133 and 14?
7
What is the highest common factor of 5088 and 128?
32
What is the highest common factor of 1937 and 52?
13
What is the greatest common factor of 14 and 28?
14
Calculate the highest common factor of 220 and 2816.
44
What is the greatest common factor of 37 and 7363?
37
Calculate the highest common divisor of 140 and 910.
70
What is the highest common divisor of 203 and 783?
29
Calculate the highest common divisor of 15650 and 50.
50
What is the highest common divisor of 455 and 104?
13
Calculate the highest common factor of 6059 and 83.
83
Calculate the highest common divisor of 2933 and 14.
7
What is the highest common factor of 1236 and 120?
12
Calculate the highest common factor of 2350 and 50.
50
Calculate the greatest common factor of 893 and 1833.
47
Calculate the greatest common factor of 276 and 10902.
138
What is the highest common divisor of 10974 and 124?
62
What is the greatest common divisor of 460 and 20?
20
Calculate the greatest common factor of 54 and 21.
3
Calculate the grea